 o/((-21)/(-228)) - 1 a multiple of 16?
False
Let l = -13 + 45. Suppose 0 = 5*k - 43 - l. Is k a multiple of 5?
True
Let v = 0 - -4. Suppose 0 = w + v*g - 38, -4*w - g - 60 + 182 = 0. Is 10 a factor of w?
True
Suppose 0*o - v + 125 = 2*o, -73 = -o + 3*v. Suppose 3*b - 56 = -2*j, 2*b = 7*b - 4*j - o. Let u = b + -10. Is u a multiple of 6?
True
Suppose 5*s + 2*c - 37 = 0, -3*s + 0*s + 5*c = -16. Let n(p) = 9*p + 3*p**2 + 10 + 3*p**2 + 0 - p**3. Is n(s) a multiple of 14?
False
Suppose -5*v = -41 - 9. Suppose 26 - v = -x. Let f = -11 - x. Is 5 a factor of f?
True
Let p = -9 - -15. Let s = 42 + p. Is 24 a factor of s?
True
Let z(s) = s**3 - 4*s**2 - 2*s + 1. Let v be z(5). Suppose -32 = -2*m + 3*l - l, l = -m + v. Does 16 divide m?
True
Let h = -104 - -207. Is h a multiple of 8?
False
Suppose 4*m + 244 = 4*j, 0*j + 3*j + 5*m - 207 = 0. Suppose j = w + 3*w. Is w a multiple of 5?
False
Suppose 0 = 21*a - 828 - 537. Is 13 a factor of a?
True
Suppose 0*u + 2 = u. Let n(w) = -w - 14. Let i be n(-8). Is 2 a factor of (-16)/i - u/3?
True
Suppose 0 = 2*q + 2*q + 12. Let d be q/(18/(-52))*-3. Let n = 50 + d. Is n a multiple of 12?
True
Let m be 4/(-6) - 8/(-12). Suppose m = d + 2 - 3. Is (1/3)/(d/27) a multiple of 9?
True
Suppose -3*r + 178 = 4*c, 0*c + 3*c - 133 = -2*r. Is 10 a factor of c?
False
Suppose 5*n = 2*l - 59, -3*n + 0*n - 111 = -3*l. Suppose -70 - l = -4*q. Let j = q + 1. Is j a multiple of 21?
False
Suppose -32 = -0*h - 4*h. Suppose -3*r - h = -563. Suppose 5*a - 55 = r. Does 20 divide a?
False
Let r = -41 + 50. Is 2 a factor of r?
False
Let z(x) = -x**2 + x + 33. Does 11 divide z(0)?
True
Let g = 1727 - 1037. Suppose j - 158 = -4*n, 5*j + 0*j - 5*n - g = 0. Suppose -4*y - 38 + j = 0. Does 13 divide y?
True
Let r = 72 + -51. Let x = 39 - r. Does 5 divide x?
False
Let m(k) = -k. Let o be m(-5). Suppose o*b - 67 = 103. Is b a multiple of 12?
False
Suppose 0 = -5*m, 0 = 2*g + 3*m - 0*m - 8. Let b = 20 - g. Is b a multiple of 16?
True
Suppose -1 + 4 = f. Does 5 divide 5/(f/((-3)/(-1)))?
True
Let t be (-2 - -3)*(22 - 3). Let x(b) = -3*b + 4. Let r be x(4). Let i = r + t. Is i a multiple of 11?
True
Let r(w) = w**3 - 4*w**2 + 2*w - 7. Let x be r(5). Suppose 5*o + x = 7*o. Is 14 a factor of o?
True
Let o be 2 + 4 + -1 + 1. Suppose 0 = -m + o + 4. Does 4 divide m?
False
Let t be 2/5*5 - 44. Let l = t - -91. Does 10 divide l?
False
Suppose 0 = -f + 4 + 6. Suppose 0 = 4*o - 22 - f. Does 8 divide o?
True
Let a = -46 - -82. Is a a multiple of 7?
False
Suppose 4*h + 4 - 16 = 0. Suppose h*d - 4 = -7. Let g(y) = -17*y**3 + y**2 + y + 1. Is g(d) a multiple of 9?
True
Let b be (-1145)/(-15) + 2/(-6). Suppose 0*a + 2*a + b = -2*m, -4*a - 194 = 5*m. Let q = -28 - m. Is q a multiple of 5?
False
Suppose -12 = 2*n - 5*x, 0 = -3*n - x - x - 56. Let r = -22 - n. Let j = r + 14. Is 8 a factor of j?
True
Let f be (-215)/25 - 2/5. Let z = -4 - f. Suppose -2*v - v + 121 = -w, 3*v - z*w = 125. Does 15 divide v?
False
Let f be (-3)/((-9)/3) - -4. Let y = f - 0. Suppose 5*h + 3*v = 99, -21 - 18 = -3*h + y*v. Is 14 a factor of h?
False
Does 13 divide 7/(63/6) + (-92)/(-6)?
False
Suppose -3*c = -4*t - 62, -3*t + 3*c - 24 = 21. Let x = 30 + t. Is 12 a factor of 2/x + (-462)/(-39)?
True
Let z = -39 + 111. Is z a multiple of 18?
True
Suppose -2*n + 4*n = u, u = 5*n - 12. Let p = 17 - u. Is p a multiple of 7?
False
Let r(b) = -b - 1. Let g be r(1). Let w be (4/(-6))/(g/6). Suppose l - 2*l = 2*a - 31, l = w*a - 41. Is a a multiple of 13?
False
Suppose -5*t = -3*t. Suppose t*r - 5*r = -h - 19, 0 = 3*h - 5*r + 7. Suppose h - 21 = -3*w. Does 4 divide w?
False
Let f be 181/5 + (-1)/5. Let i = -19 + f. Is i a multiple of 9?
False
Suppose 3*d - 2*t = -248, 0 = 2*d + 2*d - 5*t + 326. Let g = 132 + d. Is 12 a factor of g?
True
Does 4 divide -3*115/(-15) - 2/1?
False
Let h = -593 + 899. Is 27 a factor of h?
False
Let k be 4/(-32)*-4*-6. Does 7 divide (-21)/k - (0 - 0)?
True
Let i(n) = n**2 + 4*n + 7. Let p be i(-5). Let f = 17 - p. Is f even?
False
Let a(q) = 9*q**3 + q - 2. Let j be a(2). Let z = 15 + -9. Suppose 4*s - z*s = -j. Is 18 a factor of s?
True
Let o(m) = m**2 + 10*m + 4. Let b be o(-6). Let y = 36 + b. Does 10 divide y?
False
Suppose -4 = -2*h - 12. Does 14 divide 3796/91 + h/(-14)?
True
Suppose 2*x = -a + 7, 1 = -4*x + 2*a + 3. Suppose -x*u - 15 = 21. Let l = u - -59. Does 16 divide l?
False
Suppose -2*h - 2*p + 112 = 0, 176 = h + 2*h - 5*p. Is 18 a factor of 1/(1/h*1)?
False
Let n(m) = -m**3 + 14*m**2 - 6*m - 13. Does 13 divide n(13)?
True
Let y be (0 - 2) + 4 + -11. Let s = y - -12. Suppose -s*z = -8*z + 225. Does 17 divide z?
False
Let i(k) = k**3 - k**2 + 3*k - 2. Is i(2) a multiple of 6?
False
Let n(t) = t**3 + 6*t**2 - 2*t - 2. Let s(j) = -j**2 - 4*j + 6. Let r be s(-6). Does 4 divide n(r)?
False
Let v be ((-20)/6)/(2/(-42)). Suppose -q + 14 = o, 26 = -3*q - o + v. Is q a multiple of 9?
False
Suppose -u = -2*k + 4*k - 293, 3*k - 2*u = 450. Is 37 a factor of k?
True
Let n be 2 + (-27)/(-6)*-2. Let u(r) = r**2 + 5*r + 7. Let l be u(n). Let v = 52 - l. Is 15 a factor of v?
False
Suppose -3*u - 2*u + 150 = 0. Suppose -5*v = g - 75, v - 4*g = -v + u. Suppose -3*q + 5*a + 28 = -21, -q = -a - v. Is 13 a factor of q?
True
Let y = 21 + -3. Is 4 a factor of y?
False
Suppose 250 = u + 4*u. Suppose 4*g - u = -5*p, -3*p = 4*g + 1 - 39. Does 10 divide ((-6)/(-5))/(p/105)?
False
Does 5 divide 18/(-12)*(-40)/42*7?
True
Let g(n) = n**2 - 7*n + 5. Let i be g(4). Let l(b) = 0*b - 9 + 4*b + 2*b**2 - b**2. Is 6 a factor of l(i)?
True
Suppose i + 2*i = 54. Is i a multiple of 18?
True
Suppose -2*c + 202 = 2*c - 2*n, -c + n = -49. Let y(j) = j**2 - j + 5. Let s be y(0). Suppose h + c = s*h. Does 6 divide h?
False
Let l(i) = i**2 + 4. Let z be l(0). Suppose z*w + 62 = 6*w. Does 21 divide w?
False
Let i(m) = -3*m**2 + 5*m - 6. Let n(h) = h**2 - h + 1. Let l(o) = i(o) + 4*n(o). Let z be l(-6). Suppose 2*b - z = -b - k, 5*k = 3*b - 22. Is 9 a factor of b?
True
Let p(m) = 86*m**2 + 3*m - 2. Is 10 a factor of p(1)?
False
Let d(y) = -y - 5. Let t be d(-8). Suppose t*s - 54 = -0*a + 3*a, -4*a = -2*s + 40. Does 6 divide s?
False
Suppose 0 = -3*k + 3, 11 = -4*z + 2*k + 41. Is z a multiple of 4?
True
Does 21 divide 42/(-4)*(6 + -12)?
True
Let l(d) = -d + 14. Let m be l(11). Suppose -4*w = x - 78, 7*w + 4*x - 72 = m*w. Is w a multiple of 8?
False
Suppose 4*b = 2*b. Let h = b + 2. Does 10 divide ((-1)/(h/(-20)))/1?
True
Suppose 4*d = 2*m + 56, d - 14 = -0*d - 2*m. Is d a multiple of 12?
False
Let d(g) = g**3 + 8*g**2 - g - 6. Let k be d(-8). Does 28 divide 33 - (-2 - -5) - k?
True
Is 10 a factor of (-3 - -2)/(-1 + 356/360)?
True
Let m be 105/10 + (-1)/(-2). Let z(t) = -2*t**2 + 12*t + 7. Let x be z(m). Does 13 divide (-2)/6 - x/3?
False
Let x = -26 + 103. Is x a multiple of 25?
False
Let p be ((-15)/5)/((-1)/5). Let x be (-3)/6 - 11/(-2). Suppose 4*m - p = -m, -5*j + x*m = -130. Does 9 divide j?
False
Let d be 39 - (3 - (1 - 1)). Suppose x + d = o + 4*x, -5*o - 3*x = -132. Is 18 a factor of o?
False
Let a(m) = -m. Let b be a(-5). Suppose -4*s + 72 = 3*g, -b*s + 115 = 5*g - 0*s. Is 10 a factor of g?
True
Let d(k) = k**3 + 3*k**2 - k. Let n be d(-3). Suppose n*o + 1 - 52 = 0. Does 17 divide o?
True
Let w(l) = l + 50. Let j be w(0). Let z = j + -15. Let b = 50 - z. Is 6 a factor of b?
False
Let l = 85 - 40. Is l a multiple of 23?
False
Suppose -978 = 64*r - 70*r. Is 55 a factor of r?
False
Let s = -2 + 7. Suppose 0*z - s*z = -10. Does 2 divide z?
True
Let k(n) = 13*n**3 + 2*n**2 - 2*n + 1. Is k(1) a multiple of 5?
False
Suppose n = -2*n + 537. Let q = n - 119. Does 14 divide q?
False
Does 28 divide (-7)/(20/(-16) - -1)?
True
Let o(v) = -v**3 + 2*v**2 + 2*v. Let t be o(2). Suppose -m = x - 15, -2*m + 0*x = t*x - 20. Is m a multiple of 10?
True
Suppose -4*r + 2*w - 6*w - 4 = 0, -15 = -5*r - w. Suppose -2*l - 22 = -2*b, -b = -6*b + r*l + 54. Is b a multiple of 10?
True
Let u be (1 + (1 - 1))*16. Let d = u - 4. Does 6 divide d?
True
Let l = 3 - 1. Suppose -5*r - 4*p - 23 = -l*r, -2*p + 29 = -3*r. Let a = r - -32. Is a a multiple of 13?
False
Suppose -m - 140 = 3*m. Let b = m - -63. Suppose 4*g = -2*k + b, 4*g + 17 = 4*k - 15. Is 10 a factor of k?
True
Suppose -5*r + 9 + 1 = 0, 2*q - 5*r = 30. Is 6 a factor of 